{"id":363,"date":"2024-03-08T13:54:26","date_gmt":"2024-03-08T12:54:26","guid":{"rendered":"https:\/\/thenonstopstudios.com\/?page_id=363"},"modified":"2024-03-13T13:36:20","modified_gmt":"2024-03-13T12:36:20","slug":"estudio-madrid-campo-real","status":"publish","type":"page","link":"https:\/\/thenonstopstudios.com\/index.php\/estudio-madrid-campo-real\/","title":{"rendered":"Estudio Madrid Calle Campo RealEstudio"},"content":{"rendered":"<p>[et_pb_section fb_built=\u00bb1&#8243; _builder_version=\u00bb4.21.0&#8243; _module_preset=\u00bbdefault\u00bb global_colors_info=\u00bb{}\u00bb][et_pb_row _builder_version=\u00bb4.21.0&#8243; _module_preset=\u00bbdefault\u00bb global_colors_info=\u00bb{}\u00bb][et_pb_column type=\u00bb4_4&#8243; _builder_version=\u00bb4.21.0&#8243; _module_preset=\u00bbdefault\u00bb global_colors_info=\u00bb{}\u00bb][et_pb_text _builder_version=\u00bb4.23.1&#8243; _module_preset=\u00bbdefault\u00bb header_font=\u00bb|700|||||||\u00bb header_text_align=\u00bbcenter\u00bb global_colors_info=\u00bb{}\u00bb]<\/p>\n<h1><span style=\"text-decoration: underline;\">Estudio 5 &#8211; Centro Madrid<\/span><\/h1>\n<p>[\/et_pb_text][\/et_pb_column][\/et_pb_row][et_pb_row column_structure=\u00bb1_2,1_2&#8243; _builder_version=\u00bb4.21.0&#8243; _module_preset=\u00bbdefault\u00bb global_colors_info=\u00bb{}\u00bb][et_pb_column type=\u00bb1_2&#8243; _builder_version=\u00bb4.21.0&#8243; _module_preset=\u00bbdefault\u00bb global_colors_info=\u00bb{}\u00bb][et_pb_text _builder_version=\u00bb4.21.0&#8243; _module_preset=\u00bbdefault\u00bb header_2_font=\u00bb|700|||||||\u00bb header_2_text_align=\u00bbcenter\u00bb global_colors_info=\u00bb{}\u00bb]<\/p>\n<h2>Superficie<\/h2>\n<p>[\/et_pb_text][et_pb_text _builder_version=\u00bb4.23.1&#8243; _module_preset=\u00bbdefault\u00bb global_colors_info=\u00bb{}\u00bb]<\/p>\n<ul class=\"text-left\">\n<li class=\"li1\"><span class=\"s1\"><\/span>Plat\u00f3 75 m<\/li>\n<li class=\"li1\"><span class=\"s1\"><\/span>Oficinas<\/li>\n<li class=\"li1\"><span class=\"s1\"><\/span>Camerinos<\/li>\n<li class=\"li1\"><span class=\"s1\"><\/span>Sala office<\/li>\n<li class=\"li1\"><span class=\"s1\"><\/span>Control t\u00e9cnico<\/li>\n<\/ul>\n<p>[\/et_pb_text][\/et_pb_column][et_pb_column type=\u00bb1_2&#8243; _builder_version=\u00bb4.21.0&#8243; _module_preset=\u00bbdefault\u00bb global_colors_info=\u00bb{}\u00bb][et_pb_text _builder_version=\u00bb4.21.0&#8243; _module_preset=\u00bbdefault\u00bb header_2_font=\u00bb|700|||||||\u00bb header_2_text_align=\u00bbcenter\u00bb global_colors_info=\u00bb{}\u00bb]<\/p>\n<h2>Estructura<\/h2>\n<p>[\/et_pb_text][et_pb_text _builder_version=\u00bb4.23.1&#8243; _module_preset=\u00bbdefault\u00bb global_colors_info=\u00bb{}\u00bb]<\/p>\n<ul class=\"text-left\">\n<li class=\"li1\"><span class=\"s1\"><\/span>Plat\u00f3 preparado para directos TV<\/li>\n<li class=\"li1\"><span class=\"s1\"><\/span>Iluminaci\u00f3n con Kino Flo en Truss<\/li>\n<li class=\"li1\"><span class=\"s1\"><\/span>Equipo de sonido <span>Sennheiser\u00a0<\/span><\/li>\n<li class=\"li1\"><span class=\"s1\"><\/span>Control t\u00e9cnico con Atem \/ Vmix Pro<\/li>\n<li class=\"li1\"><span class=\"s1\"><\/span>Fibra 1 gb sim\u00e9trico<\/li>\n<\/ul>\n<p>[\/et_pb_text][\/et_pb_column][\/et_pb_row][et_pb_row _builder_version=\u00bb4.23.1&#8243; _module_preset=\u00bbdefault\u00bb global_colors_info=\u00bb{}\u00bb][et_pb_column type=\u00bb4_4&#8243; _builder_version=\u00bb4.23.1&#8243; _module_preset=\u00bbdefault\u00bb global_colors_info=\u00bb{}\u00bb][et_pb_button button_url=\u00bbhttps:\/\/atdlivestudios.com\u00bb url_new_window=\u00bbon\u00bb button_text=\u00bbM\u00e1s informaci\u00f3n en nuestra Web\u00bb button_alignment=\u00bbcenter\u00bb _builder_version=\u00bb4.23.1&#8243; _module_preset=\u00bbdefault\u00bb hover_enabled=\u00bb0&#8243; global_colors_info=\u00bb{}\u00bb sticky_enabled=\u00bb0&#8243;][\/et_pb_button][\/et_pb_column][\/et_pb_row][et_pb_row _builder_version=\u00bb4.21.0&#8243; _module_preset=\u00bbdefault\u00bb module_alignment=\u00bbcenter\u00bb global_colors_info=\u00bb{}\u00bb][et_pb_column type=\u00bb4_4&#8243; _builder_version=\u00bb4.21.0&#8243; _module_preset=\u00bbdefault\u00bb global_colors_info=\u00bb{}\u00bb][et_pb_gallery gallery_ids=\u00bb384,367,369,370,371,385,383,386,366&#8243; posts_number=\u00bb10&#8243; show_title_and_caption=\u00bboff\u00bb show_pagination=\u00bboff\u00bb module_class=\u00bbcol-width\u00bb _builder_version=\u00bb4.23.1&#8243; _module_preset=\u00bbdefault\u00bb custom_css_gallery_item=\u00bbwidth: 33.33% !important;||margin: 0 !important;||padding: 10px !important;||clear: none !important;\u00bb global_colors_info=\u00bb{}\u00bb][\/et_pb_gallery][\/et_pb_column][\/et_pb_row][\/et_pb_section]<\/p>\n","protected":false},"excerpt":{"rendered":"<p>Estudio 5 &#8211; Centro MadridSuperficie Plat\u00f3 75 m Oficinas Camerinos Sala office Control t\u00e9cnico Estructura Plat\u00f3 preparado para directos TV Iluminaci\u00f3n con Kino Flo en Truss Equipo de sonido Sennheiser\u00a0 Control t\u00e9cnico con Atem \/ Vmix Pro Fibra 1 gb sim\u00e9trico<\/p>\n","protected":false},"author":1,"featured_media":0,"parent":0,"menu_order":0,"comment_status":"closed","ping_status":"closed","template":"","meta":{"_et_pb_use_builder":"on","_et_pb_old_content":"","_et_gb_content_width":"","footnotes":""},"_links":{"self":[{"href":"https:\/\/thenonstopstudios.com\/index.php\/wp-json\/wp\/v2\/pages\/363"}],"collection":[{"href":"https:\/\/thenonstopstudios.com\/index.php\/wp-json\/wp\/v2\/pages"}],"about":[{"href":"https:\/\/thenonstopstudios.com\/index.php\/wp-json\/wp\/v2\/types\/page"}],"author":[{"embeddable":true,"href":"https:\/\/thenonstopstudios.com\/index.php\/wp-json\/wp\/v2\/users\/1"}],"replies":[{"embeddable":true,"href":"https:\/\/thenonstopstudios.com\/index.php\/wp-json\/wp\/v2\/comments?post=363"}],"version-history":[{"count":14,"href":"https:\/\/thenonstopstudios.com\/index.php\/wp-json\/wp\/v2\/pages\/363\/revisions"}],"predecessor-version":[{"id":489,"href":"https:\/\/thenonstopstudios.com\/index.php\/wp-json\/wp\/v2\/pages\/363\/revisions\/489"}],"wp:attachment":[{"href":"https:\/\/thenonstopstudios.com\/index.php\/wp-json\/wp\/v2\/media?parent=363"}],"curies":[{"name":"wp","href":"https:\/\/api.w.org\/{rel}","templated":true}]}}