{"id":162,"date":"2023-05-31T13:34:24","date_gmt":"2023-05-31T11:34:24","guid":{"rendered":"https:\/\/dev.thenonstopstudios.com\/?page_id=162"},"modified":"2024-03-08T15:28:37","modified_gmt":"2024-03-08T14:28:37","slug":"estudio-3-2","status":"publish","type":"page","link":"https:\/\/thenonstopstudios.com\/index.php\/estudio-3-2\/","title":{"rendered":"Estudio 3"},"content":{"rendered":"<p>[et_pb_section fb_built=\u00bb1&#8243; _builder_version=\u00bb4.21.0&#8243; _module_preset=\u00bbdefault\u00bb global_colors_info=\u00bb{}\u00bb][et_pb_row _builder_version=\u00bb4.21.0&#8243; _module_preset=\u00bbdefault\u00bb global_colors_info=\u00bb{}\u00bb][et_pb_column type=\u00bb4_4&#8243; _builder_version=\u00bb4.21.0&#8243; _module_preset=\u00bbdefault\u00bb global_colors_info=\u00bb{}\u00bb][et_pb_text _builder_version=\u00bb4.21.0&#8243; _module_preset=\u00bbdefault\u00bb header_font=\u00bb|700|||||||\u00bb header_text_align=\u00bbcenter\u00bb global_colors_info=\u00bb{}\u00bb]<\/p>\n<h1><span style=\"text-decoration: underline;\">Estudio 3<\/span><\/h1>\n<p>[\/et_pb_text][\/et_pb_column][\/et_pb_row][et_pb_row column_structure=\u00bb1_2,1_2&#8243; _builder_version=\u00bb4.21.0&#8243; _module_preset=\u00bbdefault\u00bb global_colors_info=\u00bb{}\u00bb][et_pb_column type=\u00bb1_2&#8243; _builder_version=\u00bb4.21.0&#8243; _module_preset=\u00bbdefault\u00bb global_colors_info=\u00bb{}\u00bb][et_pb_text _builder_version=\u00bb4.21.0&#8243; _module_preset=\u00bbdefault\u00bb header_2_font=\u00bb|700|||||||\u00bb header_2_text_align=\u00bbcenter\u00bb global_colors_info=\u00bb{}\u00bb]<\/p>\n<h2>Superficie<\/h2>\n<p>[\/et_pb_text][et_pb_text _builder_version=\u00bb4.21.0&#8243; _module_preset=\u00bbdefault\u00bb global_colors_info=\u00bb{}\u00bb]<\/p>\n<ul class=\"text-left\">\n<li class=\"li1\"><span class=\"s1\"><\/span>Plat\u00f3 de 750 m<\/li>\n<li class=\"li1\"><span class=\"s1\"><\/span>Superficie salas maquillaje peluquer\u00eda y vestuario 80m en planta baja<\/li>\n<li class=\"li1\"><span class=\"s1\"><\/span>Camerinos: 60 m planta 1<\/li>\n<\/ul>\n<p>[\/et_pb_text][\/et_pb_column][et_pb_column type=\u00bb1_2&#8243; _builder_version=\u00bb4.21.0&#8243; _module_preset=\u00bbdefault\u00bb global_colors_info=\u00bb{}\u00bb][et_pb_text _builder_version=\u00bb4.21.0&#8243; _module_preset=\u00bbdefault\u00bb header_2_font=\u00bb|700|||||||\u00bb header_2_text_align=\u00bbcenter\u00bb global_colors_info=\u00bb{}\u00bb]<\/p>\n<h2>Estructura<\/h2>\n<p>[\/et_pb_text][et_pb_text _builder_version=\u00bb4.21.0&#8243; _module_preset=\u00bbdefault\u00bb global_colors_info=\u00bb{}\u00bb]<\/p>\n<ul class=\"text-left\">\n<li>Cuatro Camerinos en planta 1 y dos ba\u00f1os completos.<\/li>\n<li>Salas de maquillaje peluquer\u00eda y vestuario en planta baja.<\/li>\n<li>Dos Salas di\u00e1fanas en planta baja y tres aseos.<\/li>\n<li>Sala polivalente (catering, espera p\u00fablico\/figuraci\u00f3n, almac\u00e9n vestuario\/atrezzo..)<\/li>\n<li>Comedor con capacidad para 50\/60 personas<\/li>\n<li>Parrilla de truss<\/li>\n<li>Grupo electr\u00f3geno<\/li>\n<li>Aire acondicionado<\/li>\n<li>Alarma conectada a polic\u00eda<\/li>\n<\/ul>\n<p>[\/et_pb_text][\/et_pb_column][\/et_pb_row][et_pb_row _builder_version=\u00bb4.21.0&#8243; _module_preset=\u00bbdefault\u00bb module_alignment=\u00bbcenter\u00bb global_colors_info=\u00bb{}\u00bb][et_pb_column type=\u00bb4_4&#8243; _builder_version=\u00bb4.21.0&#8243; _module_preset=\u00bbdefault\u00bb global_colors_info=\u00bb{}\u00bb][et_pb_gallery gallery_ids=\u00bb406,166,250,245,251,252,253,405,415&#8243; posts_number=\u00bb10&#8243; show_title_and_caption=\u00bboff\u00bb show_pagination=\u00bboff\u00bb module_class=\u00bbcol-width\u00bb _builder_version=\u00bb4.23.1&#8243; _module_preset=\u00bbdefault\u00bb hover_enabled=\u00bb0&#8243; custom_css_gallery_item=\u00bbwidth: 33.33% !important;||margin: 0 !important;||padding: 10px !important;||clear: none !important;\u00bb global_colors_info=\u00bb{}\u00bb sticky_enabled=\u00bb0&#8243;][\/et_pb_gallery][\/et_pb_column][\/et_pb_row][\/et_pb_section]<\/p>\n","protected":false},"excerpt":{"rendered":"<p>Estudio 3Superficie Plat\u00f3 de 750 m Superficie salas maquillaje peluquer\u00eda y vestuario 80m en planta baja Camerinos: 60 m planta 1 Estructura Cuatro Camerinos en planta 1 y dos ba\u00f1os completos. Salas de maquillaje peluquer\u00eda y vestuario en planta baja. Dos Salas di\u00e1fanas en planta baja y tres aseos. Sala polivalente (catering, espera p\u00fablico\/figuraci\u00f3n, almac\u00e9n [&hellip;]<\/p>\n","protected":false},"author":1,"featured_media":0,"parent":0,"menu_order":0,"comment_status":"closed","ping_status":"closed","template":"","meta":{"_et_pb_use_builder":"on","_et_pb_old_content":"","_et_gb_content_width":"","footnotes":""},"_links":{"self":[{"href":"https:\/\/thenonstopstudios.com\/index.php\/wp-json\/wp\/v2\/pages\/162"}],"collection":[{"href":"https:\/\/thenonstopstudios.com\/index.php\/wp-json\/wp\/v2\/pages"}],"about":[{"href":"https:\/\/thenonstopstudios.com\/index.php\/wp-json\/wp\/v2\/types\/page"}],"author":[{"embeddable":true,"href":"https:\/\/thenonstopstudios.com\/index.php\/wp-json\/wp\/v2\/users\/1"}],"replies":[{"embeddable":true,"href":"https:\/\/thenonstopstudios.com\/index.php\/wp-json\/wp\/v2\/comments?post=162"}],"version-history":[{"count":16,"href":"https:\/\/thenonstopstudios.com\/index.php\/wp-json\/wp\/v2\/pages\/162\/revisions"}],"predecessor-version":[{"id":416,"href":"https:\/\/thenonstopstudios.com\/index.php\/wp-json\/wp\/v2\/pages\/162\/revisions\/416"}],"wp:attachment":[{"href":"https:\/\/thenonstopstudios.com\/index.php\/wp-json\/wp\/v2\/media?parent=162"}],"curies":[{"name":"wp","href":"https:\/\/api.w.org\/{rel}","templated":true}]}}